t w(y) = 7236*y**3 + y**2 - y + 1. Let v = -2 - -3. Is w(v) a prime number?
True
Let o = -1 - -3. Suppose o*h - 1511 = 1575. Is h composite?
False
Let i be -2*1/2*-2. Let p(u) = u**2 + 3*u - 5. Let q be p(-5). Suppose h + 2531 = q*h + 3*t, 4*h - 2534 = -i*t. Is h a composite number?
True
Let s be (-12 + 3)*2/(-6). Let v be s/6*(5178 - 2). Suppose 4*y + 0*y = v. Is y a composite number?
False
Let f(b) = b**2 + 11*b + 4. Let h be f(-8). Let o(z) = 2*z**2 + 33*z - 27. Is o(h) composite?
False
Let o be (5/(-2))/((-2)/4). Suppose 0 = 4*g - t - 12, o*g + 2*t = 1 + 1. Is ((-93)/g)/((-39)/52) composite?
True
Let f(c) = 161*c**2 - 3*c - 19. Let n(y) = 321*y**2 - 5*y - 36. Let s(k) = -11*f(k) + 6*n(k). Is s(3) prime?
False
Let x(k) = 29*k + 13. Let j(m) be the second derivative of m**4/12 - 7*m**3/6 + 7*m**2 - 11*m. Let n be j(7). Is x(n) a composite number?
False
Let i = 133637 - 93872. Suppose 0 = -5*k + i - 10800. Is k composite?
True
Suppose 0 = -56*x + 11*x + 54585. Is x composite?
False
Suppose 0 = 6*g - 2*g - 16, 14715 = 5*h + 5*g. Is h a prime number?
True
Suppose -y = 3, 3*x = -x + 2*y + 26. Suppose 4 = 3*a - v, -5*v - 1 + 11 = -x*a. Suppose -4 = -h + a*r, -12 = -2*h + 3*r - 1. Is h composite?
False
Let r = -228 + 275. Is r a composite number?
False
Let t = 28212 - 18431. Is t composite?
False
Let z(k) = -5*k + 6. Let t be z(-4). Suppose -t*a = -29*a + 957. Is a a composite number?
True
Suppose -4*u + 3667 = -0*u - g, 3*u - 2754 = -3*g. Let b = u - 504. Is b prime?
False
Let d(u) = -171*u - 2. Let o be d(-2). Suppose -7*n = -3*n - o. Is n prime?
False
Suppose -3*s + 8882 = -6901. Is s composite?
False
Suppose -5*x - 10 = -5*q, 5*q - 2*q = 4*x + 8. Let t be 4 + (q/5)/1. Suppose -t*v + 2*v - 5*b + 923 = 0, 1362 = 3*v + 3*b. Is v composite?
False
Suppose 0 = d - 4, g + 1518 = 6*g - 3*d. Let m = g - 49. Is m composite?
False
Let p(s) = 2*s**2 - 13*s - 7. Let a be p(-12). Let x = a - -804. Is x a composite number?
True
Suppose -10*o - 5*f = -6*o - 30504, 38121 = 5*o + 4*f. Is o a prime number?
True
Suppose 3*l - 876 + 31 = -5*z, 0 = z + 5. Suppose -3*u = -l - 1051. Is u prime?
False
Suppose 3*i - 12 = 2*s, 5*i + s - 2*s = 13. Let b be 63/28 + i/(-8). Suppose 912 = 4*w + 4*c, -b*w + 2*c + 481 = -c. Is w composite?
False
Let f = -141 + 8339. Is f prime?
False
Let n(r) = -r**3 - 9*r**2 + 2. Let k be n(-9). Suppose 0 = 3*p - 2*p + k. Let z(l) = 97*l**2 + 1. Is z(p) composite?
False
Suppose -5*z + 2822 = m, 2*z - 20 = -2*z. Is m a composite number?
False
Let c(m) = 217*m**2 + 8*m - 20. Is c(3) a composite number?
True
Is ((-91255)/3)/(132/(-396)) prime?
False
Suppose 4*a + 2*y + 0*y = 0, 0 = 5*a + y - 6. Suppose 0 = 5*z + a*l - 5443, 3*z - l = -3*l + 3269. Is z composite?
False
Suppose 3*x + 66 - 24 = 0. Let h(n) = -49*n + 15. Is h(x) a composite number?
False
Let v be 1*(-4 - 302/(-2)). Suppose -465 = -6*i - v. Is i composite?
False
Let k(v) = v**3 - 11*v**2 + 17*v + 14. Let y be k(9). Suppose -y*o = d - 1539, 4*d + 505 = 3*o - 400. Is o a prime number?
True
Let y(h) = 31*h - 3. Suppose 2*f - 6 - 8 = 0. Let g be y(f). Is 6/(-12) - g/(-4) a composite number?
False
Let x(w) = 73*w**2 + 30*w + 56. Is x(-13) a composite number?
True
Let u(a) = 484*a**2 + a. Let m be u(1). Suppose -m = 5*s - 10*s. Is s prime?
True
Suppose -4*d - 3*z + 129 = 0, 5*z + 238 - 68 = 5*d. Suppose 5*s = n - 9, n - 2*s + s = 5. Is 22/d*2874/n composite?
False
Let w(a) = 3*a + 17. Let i be w(-4). Suppose -1280 = 2*l - 7*l - i*r, 236 = l - 3*r. Is l a prime number?
True
Let t be 12*-2*(-2)/16. Suppose -3*x + 2*w = -3232, -5*x + 5375 = 3*w - 4*w. Suppose 0 = t*f - 0*f - x. Is f composite?
True
Let l(q) = q**2 + 2*q - 19. Let p(u) = 2*u**2 + 5*u - 57. Let n(c) = 17*l(c) - 6*p(c). Is n(-8) a composite number?
False
Let a(w) = w**3 + 20*w**2 + 17*w - 17. Let r(b) = -b**3 - 7*b**2 + 10*b + 1. Let z be r(-8). Is a(z) a prime number?
True
Let q(h) = -2*h - 6. Let d be q(-4). Let o = d - -1. Suppose -7*j + o*j + 764 = 0. Is j a composite number?
False
Suppose 12*u = -u + 22867. Is u composite?
False
Is 38*(-2)/2*(-955)/10 prime?
False
Let k be (-282)/(-21)*-3 + 14/49. Let b(t) = 3*t**3 - 5*t**2 + 4*t + 1. Let v be b(3). Let y = v - k. Is y a prime number?
True
Suppose 3*x - 3 = -3*b, 0*b - 5*x = 2*b - 5. Suppose 4*c + 4*a - 1784 = b, 0*a - 2221 = -5*c + 4*a. Is c prime?
False
Let t be (-2)/(-3)*(0 - -3). Suppose t*q - 84 = -3*g + 623, -3*q = 3*g - 1065. Is q a composite number?
True
Let h be 1 + -3 + -262 - 3. Is (3 + -2)*-1*h composite?
True
Let i(m) = m**2 - m + 24. Let b be i(0). Let o be 1/(-4) - (-27294)/b. Let q = o + -758. Is q a composite number?
False
Suppose w = 13*w - 7368. Is w a composite number?
True
Let q(s) = 1 + 0 - 1632*s + 1630*s + 54*s**2. Let k be (-2)/((-4)/(2*1)). Is q(k) composite?
False
Let y(w) = -2*w**2 - 3*w + 3. Let l be y(2). Let d = l + 7. Is 4676/63 - d/(-18) prime?
False
Suppose -4*j = 2*t - 16640 + 694, -5*t = 4*j - 15931. Is j composite?
False
Let h(i) = 473*i - 1. Let k be h(-7). Let f = k + 5135. Is f composite?
False
Suppose -i + 196 = -40. Let j = -145 + i. Is j a composite number?
True
Let i(c) = -c**3 - c**2 - c + 12. Let k be i(0). Is (3 - 45)/(k/(-6)) a prime number?
False
Let c(w) = -w - 8. Let m be c(-11). Suppose -5*o + 4*o - 4*q + 1331 = 0, -m*q = -2*o + 2629. Is o composite?
False
Suppose -2*c = -c + 4*q - 2, -5*q + 4 = 2*c. Suppose -3*w - 2*x = -103, -5*w + c*x = -3*x - 130. Suppose 0 = -5*j + w + 259. Is j a prime number?
False
Suppose 3*s - 2*s = 3. Let k be (-9 - (-175)/15) + (-4)/6. Suppose 4*t - 55 = -u + 32, -s*t - 185 = -k*u. Is u prime?
False
Suppose 4*p - 3*v - 31 = 28, 4*v = p - 18. Let b = p - 11. Is b + 1216/((-4)/(-1)) a composite number?
False
Suppose -3*t - 31 = -40. Is (t/9)/(39104/(-39108) - -1) prime?
True
Let v be -52*(1/2)/((-2)/17). Suppose j - 248 = v. Is j prime?
False
Suppose 2*j - 26 = -4*p, -2*p = -p - 3*j - 3. Let w = 10 - p. Suppose -w*k - 10 = 3*x - 74, 2*x - 8 = 0. Is k prime?
True
Let b(o) = 2*o**2 - 3*o - 2. Let s(z) = z**3 + 4*z**2 - 5*z - 3. Let u(l) = 11*b(l) - 6*s(l). Let a be (0 - -1)/((-2)/6). Is u(a) composite?
False
Is (4 - (-14)/(-4))*14186 prime?
False
Let u = 610 - -1472. Suppose 6*n = 3090 + u. Is n a prime number?
False
Let b(x) = x - 4. Let p be b(4). Let w = p + 4. Suppose 0 = w*u - 4*g - 940, 4*g - 470 = -2*u + 3*g. Is u a prime number?
False
Suppose 55*c - 61*c = -6894. Is c prime?
False
Let y = 8648 + -5905. Is y composite?
True
Is -9 + 3 + 3875 + -2 a prime number?
False
Let c = 446 + 1455. Is c composite?
False
Let x(u) = 128*u**2 - 8*u + 1. Is x(2) prime?
False
Let d(g) = -31*g - 3. Suppose 0 = -5*u + 5*k, 4*k = 3*u + 2*k + 4. Is d(u) composite?
True
Let o(r) = -r**3 + 12*r**2 + 2*r - 15. Let h be o(12). Let p = h + -7. Is (-1 + -81)*(-7)/p a prime number?
False
Is (-181708)/(-15) + 8/60 + -1 composite?
False
Suppose -67*a = -69*a + 10594. Is a composite?
False
Let c be (4 - 12) + (3 - 1). Let l = c - -8. Suppose -148 = -l*u + 3*q + 117, 133 = u - 2*q. Is u a composite number?
False
Let k(d) be the third derivative of -d**6/120 + 3*d**5/20 + d**4/6 + 5*d**3/2 + 38*d**2. Is k(9) prime?
False
Let z be 116/36 - 2/9. Suppose 0*s + s - 1182 = -5*k, z*s - 702 = -3*k. Let o = -148 + k. Is o composite?
False
Let m = 1003 + 2758. Is m composite?
False
Suppose -6*n - 444 = -3*n. Let p = n + 357. Is p prime?
False
Suppose 0*l - 18888 = -2*l. Suppose -2*a - l = -6*a. Is a composite?
True
Let n = 10 + -3. Suppose 2*f - n - 3 = 0. Suppose -f*d = -4*y + 217, -26 - 28 = -y + d. Is y a composite number?
False
Suppose 0 - 4 = -i. Let s(a) be the third derivative of 2*a**5/15 - 5*a**4/24 + 5*a**3/6 - 40*a**2. Is s(i) prime?
True
Let n(s) = -42*s**2 + 7 - 15*s + 58*s**2 + 0*s. Is n(-6) prime?
True
Let a(h) = 5*h - 6. Let i be a(2). Suppose -2*c - 10 = i*b, 3 = c - b - b. Is (-16056)/(-84) + c/7 a prime number?
True
Let n(y) = 27*y + 23. Let p be n(-2). Let q = p + 108. Is q a composite number?
True
Let k(o) = 164*o**2 + 2*o - 1. Suppose -15*l + 35 + 10 = 0. Is k(l) a prime number?
True
Let n(g) = -4*g**3 - 6*g**2 - 7*g + 10. Let b(t) = -t**2 + 10*t + 6. Let p be b(11). Is n(p) a prime number?
False
Suppose -4*c + 5126 = 7*c. Is c prime?
False
Is 93400/6 - (-18)/54 prime?
False
Let y be 1*(3 - 4)*-6. Suppose 